95 a composite number?
True
Is 15517 composite?
True
Is 471041 prime?
True
Is 5639 a prime number?
True
Is 947 a composite number?
False
Is 13521 prime?
False
Is 12929 a prime number?
False
Is 1683961 composite?
True
Is 18661 prime?
True
Is 12533 composite?
True
Is 566063 a composite number?
True
Is 7033 prime?
False
Is 210611 a composite number?
True
Is 320837 composite?
True
Is 150269 a prime number?
False
Is 84787 composite?
False
Is 199763 a composite number?
True
Is 52361 composite?
False
Is 3449 a prime number?
True
Is 525089 prime?
False
Is 470755 a composite number?
True
Is 151591 composite?
True
Is 84263 a composite number?
False
Is 886 a composite number?
True
Is 2819 a composite number?
False
Is 250403 prime?
True
Is 1693 a prime number?
True
Is 51031 composite?
False
Is 256435 a composite number?
True
Is 910561 prime?
True
Is 6449 a prime number?
True
Is 2552645 composite?
True
Is 55429 composite?
True
Is 7799 prime?
False
Is 38585 prime?
False
Is 1381649 composite?
False
Is 13047 a composite number?
True
Is 150109 a prime number?
False
Is 18397 a prime number?
True
Is 1643 prime?
False
Is 293009 prime?
False
Is 32363 prime?
True
Is 19451 composite?
True
Is 36361 prime?
False
Is 3151 a composite number?
True
Is 235 prime?
False
Is 679 prime?
False
Is 52979 prime?
False
Is 1332631 a prime number?
True
Is 565861 a composite number?
True
Is 15893 composite?
True
Is 144446 composite?
True
Is 14351 composite?
True
Is 58697 prime?
False
Is 2318159 composite?
False
Is 14939 a prime number?
True
Is 1803007 prime?
False
Is 490667 a composite number?
True
Is 240553 composite?
True
Is 319622 composite?
True
Is 5606681 composite?
False
Is 91382 prime?
False
Is 4547 composite?
False
Is 35773 a prime number?
False
Is 167953 a prime number?
True
Is 892817 a composite number?
False
Is 33833 composite?
True
Is 14369 a composite number?
False
Is 8615 a composite number?
True
Is 181721 prime?
True
Is 80285 a composite number?
True
Is 5923 composite?
False
Is 454115 a prime number?
False
Is 10555 prime?
False
Is 1107341 prime?
True
Is 5833 a composite number?
True
Is 10123 a prime number?
False
Is 57635 composite?
True
Is 436399 a prime number?
True
Is 41927 prime?
True
Is 74287 a composite number?
False
Is 6583 composite?
True
Is 49351 a prime number?
False
Is 38777 prime?
False
Is 26447 composite?
True
Is 193243 a composite number?
False
Is 108527 a composite number?
True
Is 29917 a composite number?
False
Is 15929 a composite number?
True
Is 379 prime?
True
Is 433393 prime?
True
Is 1255741 a composite number?
True
Is 2008879 a prime number?
True
Is 9451 prime?
False
Is 1179527 prime?
True
Is 21647 a composite number?
False
Is 649 a composite number?
True
Is 24029 composite?
False
Is 6449 a composite number?
False
Is 24733 a prime number?
True
Is 291923 prime?
True
Is 10319 a composite number?
True
Is 1147 a composite number?
True
Is 17211 composite?
True
Is 43403 composite?
False
Is 65921 composite?
False
Is 338659 composite?
False
Is 742667 prime?
False
Is 991399 a composite number?
True
Is 50789 prime?
True
Is 37039 composite?
False
Is 262553 a composite number?
False
Is 858749 a composite number?
False
Is 7621 a composite number?
False
Is 1108279 a prime number?
False
Is 59921 a composite number?
False
Is 600857 composite?
False
Is 39293 a prime number?
True
Is 541 a composite number?
False
Is 217293 a composite number?
True
Is 21557 prime?
True
Is 35877 prime?
False
Is 208543 a composite number?
True
Is 4831 composite?
False
Is 613595 prime?
False
Is 43819 prime?
False
Is 2071 a prime number?
False
Is 42943 a prime number?
True
Is 604547 prime?
True
Is 10663 composite?
False
Is 12151 prime?
False
Is 104849 a composite number?
False
Is 5359 a composite number?
True
Is 66083 a composite number?
False
Is 33703 prime?
True
Is 1722679 a composite number?
True
Is 652361 a prime number?
True
Is 2161 a prime number?
True
Is 1585583 a prime number?
True
Is 20211 a prime number?
False
Is 160807 a prime number?
True
Is 59593 prime?
False
Is 772933 prime?
False
Is 7118 a composite number?
True
Is 333253 prime?
True
Is 3649 a composite number?
True
Is 206969 composite?
True
Is 436187 a prime number?
False
Is 747761 prime?
False
Is 18107 a prime number?
False
Is 223 a composite number?
False
Is 78073 a prime number?
False
Is 6941 a composite number?
True
Is 58573 prime?
True
Is 73637 prime?
True
Is 43117 a prime number?
True
Is 462349 composite?
True
Is 4789 prime?
True
Is 676937 a prime number?
True
Is 765409 a composite number?
False
Is 181639 a composite number?
False
Is 3593 composite?
False
Is 7621 prime?
True
Is 2134211 a prime number?
False
Is 61777 prime?
False
Is 327029 a prime number?
False
Is 58213 composite?
True
Is 278459 composite?
False
Is 1101421 a prime number?
True
Is 44939 a prime number?
True
Is 1039 a prime number?
True
Is 42899 a composite number?
False
Is 48863 a composite number?
True
Is 4853 composite?
True
Is 701881 a composite number?
False
Is 341219 composite?
False
Is 520937 prime?
False
Is 3691 prime?
True
Is 32771 prime?
True
Is 1389977 prime?
False
Is 7057 a composite number?
False
Is 67927 a composite number?
False
Is 399353 composite?
False
Is 178169 a composite number?
False
Is 25811 a prime number?
False
Is 447 prime?
False
Is 96043 a prime number?
True
Is 907 composite?
False
Is 10133 a prime number?
True
Is 81817 a composite number?
False
Is 380587 prime?
False
Is 89881 a composite number?
True
Is 148481 a prime number?
False
Is 2951 composite?
True
Is 303 prime?
False
Is 78491 prime?
False
Is 167737 prime?
False
Is 72133 a composite number?
True
Is 486797 composite?
False
Is 335857 a prime number?
True
Is 2101 composite?
True
Is 45007 a composite number?
False
Is 10427 prime?
True
Is 23953 a prime number?
False
Is 1191 prime?
False
Is 5087 a prime number?
True
Is 2627 composite?
True
Is 529213 prime?
True
Is 42061 a prime number?
True
Is 8751 prime?
False
Is 227453 prime?
True
Is 1239467 composite?
True
Is 1027 a prime number?
False
Is 9505 prime?
False
Is 1198943 a composite number?
True
Is 7941 composite?
True
Is 3821 prime?
True
Is 5209117 composite?
False
Is 208379 a prime number?
True
Is 12554 composite?
True
Is 4413 composite?
True
Is 44839 a composite number?
False
Is 3041 a prime number?
True
Is 1355335 a composite number?
True
Is 971941 prime?
False
Is 93739 composite?
False
Is 3833 a composite number?
False
Is 25459 composite?
True
Is 52361 a composite number?
False
Is 310927 prime?
True
Is 907 a composite number?
False
Is 343127 prime?
True
Is 20887 a prime number?
True
Is 339707 a prime number?
True
Is 19457 a prime number?
True
Is 79861 a composite number?
False
Is 24889 prime?
True
Is 279193 composite?
True
Is 5891 prime?
False
Is 4783 a composite number?
False
Is 350533 composite?
True
Is 7789 composite?
False
Is 1385 composite?
True
Is 149603 prime?
True
Is 50989 composite?
False
Is 110419 prime?
True
Is 21701 a prime number?
True
Is 1551202 composite?
True
Is 16823 a prime number?
True
Is 22213 composite?
True
Is 98669 composite?
False
Is 131143 composite?
False
Is 66791 a prime number?
True
Is 23093 a prime number?
False
Is 64871 prime?
True
Is 73357 a composite number?
True
Is 177598 prime?
False
Is 57313 a composite number?
True
Is 35761 prime?
False
Is 6731 a prime number?
False
Is 449609 a composite number?
False
Is 1266539 a prime number?
True
Is 227023 composite?
True
Is 855641 a prime number?
True
Is 796361 a composite number?
False
Is 35267 a prime number?
True
Is 3903 a prime number?
False
Is 889 composite?
True
Is 703741 a composite number?
True
Is 24329 a prime number?
True
Is 36493 composite?
False
Is 15689 composite?
True
Is 1653007 a prime number?
True
Is 7737 composite?
True
Is 371459 composite?
True
Is 2603 a prime number?
False
Is 56351 composite?
True
Is 78709 composite?
True
Is 207679 composite?
False
Is 29347 a composite number?
False
Is 2243 prime?
True
Is 27397 a prime number?
True
Is 103789 composite?
True
Is 1649639 a prime number?
True
Is 363719 composite?
False
Is 8263 prime?
True
Is 41761 composite?
False
Is 38501 a prime number?
True
Is 673 a prime number?
True
Is 53323 a prime number?
True
Is 806561 a composite number?
True
Is 158029 composite?
False
Is 3768449 composi